 composite?
True
Is 19655511769 prime?
True
Is 15389173087 composite?
False
Is 2898347993 composite?
False
Is 18777381353 a composite number?
False
Is 18396560909 a composite number?
True
Is 25208263757 a composite number?
True
Is 50538733907 a prime number?
True
Is 60879331 a composite number?
False
Is 287592131 composite?
False
Is 55050790309 composite?
False
Is 2812178533 composite?
False
Is 24440824531 a composite number?
False
Is 61340738143 a composite number?
True
Is 65809433 a composite number?
False
Is 114415523 a composite number?
True
Is 24573291269 a composite number?
True
Is 11264793341 composite?
False
Is 407215686947 a prime number?
True
Is 1050076963 a prime number?
False
Is 38349119773 prime?
False
Is 613101553 composite?
False
Is 8916924273 prime?
False
Is 12235105238 a prime number?
False
Is 8839793789 prime?
True
Is 2721466723 a composite number?
True
Is 6487245793 composite?
True
Is 5145368209 a prime number?
True
Is 6884199239 a prime number?
True
Is 160818554231 a prime number?
False
Is 1421089271 prime?
False
Is 992863997 a prime number?
True
Is 848345737 prime?
True
Is 250630327 a composite number?
False
Is 5338577501 composite?
False
Is 39019160951 a composite number?
False
Is 5647775129 a composite number?
True
Is 9167888959 a prime number?
True
Is 40149720469 a prime number?
True
Is 2597474003 composite?
False
Is 6705533537 a composite number?
True
Is 1977696599 a composite number?
True
Is 6977693477 composite?
True
Is 31116221581 a composite number?
False
Is 139090834499 prime?
False
Is 206041919 a composite number?
True
Is 1114517917 prime?
True
Is 79648763969 a prime number?
True
Is 587377487 prime?
True
Is 5314349329 prime?
True
Is 806842469 a prime number?
False
Is 1824217207 composite?
True
Is 5406047999 prime?
False
Is 1565473057 prime?
True
Is 60115291913 prime?
False
Is 61497519911 a composite number?
False
Is 1695410107 prime?
False
Is 55410461 a prime number?
False
Is 40460847283 a composite number?
True
Is 3031358243 a prime number?
False
Is 12495875741 composite?
True
Is 4604549069 a composite number?
False
Is 112161936553 a prime number?
True
Is 477769637 prime?
False
Is 54073717 prime?
False
Is 82723186669 composite?
False
Is 337096453 a prime number?
False
Is 20123319299 prime?
True
Is 8306658707 a prime number?
True
Is 71092751011 a prime number?
False
Is 16213075546 composite?
True
Is 5000360863 a prime number?
False
Is 455188127 composite?
True
Is 292152997 prime?
True
Is 2881640603 composite?
False
Is 15617946622 a prime number?
False
Is 1588613947 prime?
True
Is 32610131633 prime?
False
Is 362431714969 a prime number?
True
Is 70615211 prime?
True
Is 41783714365 composite?
True
Is 3309150749 a prime number?
True
Is 24433936547 a composite number?
True
Is 523793077 a prime number?
False
Is 8006903963 a prime number?
True
Is 142121753 a composite number?
False
Is 222798559 prime?
True
Is 2562665429 a prime number?
True
Is 137358511 a prime number?
False
Is 532155821 a prime number?
True
Is 16222866337 prime?
False
Is 342450029 a prime number?
False
Is 53230283309 composite?
True
Is 55899457 composite?
True
Is 516201097 a prime number?
False
Is 35997538139 a prime number?
True
Is 1948316941 composite?
True
Is 5643092311 a prime number?
True
Is 2873339221 prime?
False
Is 54552885249 composite?
True
Is 1456513259 a composite number?
False
Is 842876581 prime?
True
Is 927736501 composite?
True
Is 1026710411 a prime number?
False
Is 468591713 composite?
True
Is 25287287 prime?
True
Is 103829443 a prime number?
True
Is 7036808939 prime?
False
Is 11475520583 composite?
False
Is 4834724899 composite?
False
Is 2149359206 a composite number?
True
Is 316232797 composite?
False
Is 4225005957 prime?
False
Is 1541278303 prime?
False
Is 92039999 composite?
True
Is 110960506003 a prime number?
True
Is 145918579 prime?
False
Is 15171322003 prime?
True
Is 13748368031 a composite number?
False
Is 5853071173 composite?
True
Is 1438189531 a prime number?
False
Is 1574974963 a composite number?
True
Is 69821034545 a composite number?
True
Is 239805983 composite?
True
Is 519906661 composite?
True
Is 564485309 a prime number?
False
Is 6697485193 a composite number?
True
Is 169828693 prime?
True
Is 157459387 prime?
False
Is 4938048899 prime?
False
Is 465225487 prime?
False
Is 471186354349 a prime number?
True
Is 480107983 composite?
False
Is 750013283 prime?
False
Is 21258762221 prime?
True
Is 2660453527 composite?
False
Is 17591018369 a prime number?
True
Is 7849066843 composite?
False
Is 79033349777 composite?
True
Is 3843752813 composite?
True
Is 522441749 a prime number?
False
Is 2608755529 a composite number?
False
Is 322764371 a composite number?
False
Is 44360922491 composite?
False
Is 12582171731 composite?
True
Is 829787291 prime?
False
Is 300450851 a composite number?
False
Is 823989839 composite?
False
Is 217287874621 a composite number?
False
Is 46116797 a composite number?
False
Is 348006157 prime?
True
Is 56691100579 a prime number?
False
Is 19236155137 a composite number?
False
Is 1976373398 a prime number?
False
Is 2337688645 a prime number?
False
Is 6402476009 a composite number?
False
Is 2525323729 a composite number?
False
Is 22838144911 a composite number?
False
Is 11573398691 a composite number?
False
Is 330393461 a prime number?
False
Is 802224205 composite?
True
Is 588526927 composite?
True
Is 358519185691 a prime number?
True
Is 55919298469 composite?
False
Is 1719141451 a prime number?
False
Is 3240552079 a prime number?
True
Is 259885013 a prime number?
True
Is 13557821369 a composite number?
False
Is 1949401151 prime?
False
Is 1424963195 prime?
False
Is 2740081577 prime?
False
Is 882841009 prime?
True
Is 972610573 composite?
True
Is 262408607 a composite number?
False
Is 2347591258 composite?
True
Is 686189471 a prime number?
False
Is 42884259889 a composite number?
True
Is 383256941 prime?
False
Is 27360909557 a composite number?
False
Is 10219781027 a prime number?
True
Is 7941356233 composite?
True
Is 4541716313 a composite number?
False
Is 1544825323 a prime number?
True
Is 36509129351 a composite number?
False
Is 5911853309 a prime number?
False
Is 606816341 composite?
False
Is 36750298391 prime?
True
Is 2715756653 a composite number?
False
Is 96890988449 a composite number?
False
Is 245727077 a composite number?
False
Is 23757659 a composite number?
True
Is 370245763 composite?
False
Is 1231603133 a prime number?
False
Is 164233590335 composite?
True
Is 132848693533 a prime number?
True
Is 494053783 composite?
True
Is 59359374293 a composite number?
False
Is 1620462143 a prime number?
True
Is 1393460521 a composite number?
False
Is 1506773039 prime?
False
Is 54379357 prime?
True
Is 5550267629 a composite number?
True
Is 84902802617 prime?
False
Is 2642115827 a composite number?
True
Is 5455299383 a composite number?
True
Is 7692795377 a prime number?
False
Is 1748367073 prime?
True
Is 150735094467 a composite number?
True
Is 2313490405 a prime number?
False
Is 102247753957 a prime number?
False
Is 163143151 a composite number?
False
Is 197637683 a composite number?
True
Is 181021489 prime?
False
Is 110745389 a prime number?
False
Is 732486967 prime?
False
Is 2534230057 composite?
False
Is 14035422673 composite?
False
Is 328789183 prime?
True
Is 20426568133 composite?
True
Is 9176713459 composite?
True
Is 5471229193 prime?
True
Is 14336214413 a prime number?
False
Is 55674314411 a composite number?
True
Is 92351667479 prime?
True
Is 285757753 composite?
True
Is 1467419858 composite?
True
Is 160801676371 a prime number?
False
Is 37621490521 a composite number?
True
Is 9265878659 prime?
True
Is 348332729 a composite number?
False
Is 44297802583 composite?
False
Is 44380775357 prime?
True
Is 24024942701 a composite number?
True
Is 9233041093 a prime number?
True
Is 58353162871 a composite number?
True
Is 172274723 prime?
True
Is 38995770491 prime?
False
Is 172291318 prime?
False
Is 2810190017 a composite number?
False
Is 3275396261 prime?
True
Is 1700156611 a composite number?
True
Is 16434730547 a composite number?
True
Is 3744975811 prime?
True
Is 16496291753 a composite number?
True
Is 1364211709 a composite number?
True
Is 243113263 a composite number?
False
Is 441587491 prime?
True
Is 